2 + 195*h - 766. Give b(94).
-108
Let j(y) = -19*y**2 - 93*y - 240. Give j(-5).
-250
Let z(p) = 13*p**2 - 399*p + 2892. What is z(19)?
4
Let n(a) = -a**2 - 162*a - 1723. Calculate n(-9).
-346
Let f(d) = -122*d**2 - 136*d + 783. Calculate f(5).
-2947
Let j(y) = y**3 + 121*y**2 + 2473*y + 93591. Give j(-106).
-7
Let i(f) = -11*f**3 - 158*f - 305. What is i(-2)?
99
Let u(w) = -859*w**3 - 7*w**2 - 13*w - 15. Calculate u(-1).
850
Let y(l) = 39312*l + 40249. Give y(-1).
937
Let b(l) = 3*l**2 - 5722*l - 501803. Calculate b(-84).
13
Let k(i) = -30*i**3 + 2*i**2 + 13*i - 11. Calculate k(1).
-26
Let c(q) = q**2 - 136*q - 100. What is c(137)?
37
Let q(a) = 6*a**2 + 722*a + 306. What is q(-120)?
66
Let j(i) = -896*i + 8018. Determine j(9).
-46
Let f(x) = -24*x**2 + 1985*x + 35. Determine f(83).
-546
Let t(y) = -14*y**2 + 476*y - 4359. Calculate t(9).
-1209
Let w(r) = -3*r**3 + 561*r**2 - 2250*r + 223. What is w(4)?
7
Let u(r) = 8*r**2 - 21*r - 633. Determine u(11).
104
Let f(w) = -12*w**2 + 573*w - 536. Determine f(47).
-113
Let m(h) = 3*h**3 + 2657*h**2 + 12354*h + 17659. What is m(-881)?
39
Let v(d) = 225*d**2 - 6288*d - 331. What is v(28)?
5
Let d(n) = -6365*n + 25465. What is d(4)?
5
Let q(v) = 47364*v - 1089351. Determine q(23).
21
Let f(y) = 63*y + 8142. Give f(-118).
708
Let v(b) = 60309*b + 904608. What is v(-15)?
-27
Let f(w) = w**3 + 24*w**2 - 4769*w + 892. What is f(58)?
138
Let d(n) = 65*n**2 - 134*n - 1153. What is d(0)?
-1153
Let l(u) = -u**3 - 83*u + 319. Give l(4).
-77
Let q(v) = 161*v**3 - 340*v + 339. Determine q(1).
160
Let d(l) = -l**2 - 706*l - 20416. Give d(-30).
-136
Let k(i) = -9*i**3 - 251*i**2 + 32*i + 125. Calculate k(-28).
13
Let o(v) = 2*v**3 + 1787*v**2 + 100020*v - 17. Calculate o(-60).
-17
Let t(d) = -16*d**2 + 1167*d + 117. Determine t(73).
44
Let a(h) = h**2 + 1060*h - 83930. What is a(74)?
-14
Let q(l) = 7*l**2 - 462*l + 3935. Give q(10).
15
Let q(p) = -17*p**3 + 7126*p**2 + 5881*p - 537. What is q(420)?
-117
Let o(l) = -119*l - 8028. What is o(-59)?
-1007
Let b(y) = 17005*y + 357284. What is b(-21)?
179
Let z(o) = -7352*o - 44122. Determine z(-6).
-10
Let d(f) = 972*f**2 - 11649*f - 161. What is d(12)?
19
Let w(j) = 596*j**2 + 16090*j - 29. Give w(-27).
25
Let p(g) = 155*g**2 + 2108*g - 96. Determine p(-15).
3159
Let p(k) = -11789*k + 82508. What is p(7)?
-15
Let i(j) = -68*j**2 + 443*j - 887. Determine i(3).
-170
Let r(m) = -m**2 - 39*m + 17983. Give r(116).
3
Let g(u) = -19179*u + 460298. What is g(24)?
2
Let p(k) = k**3 + 194*k**2 + 1302*k - 1251. Give p(-187).
58
Let f(o) = 2*o**3 + o**2 - 23*o - 77. Give f(5).
83
Let f(p) = -2*p**2 - 149*p - 2478. What is f(-20)?
-298
Let c(v) = v**3 - 25*v**2 + 183*v - 25. Calculate c(16).
599
Let y(d) = -2*d**3 - 4*d**2 + 493*d - 1498. Determine y(3).
-109
Let q(g) = -6513*g + 267048. Calculate q(41).
15
Let p(n) = -20*n**2 + 584*n - 126. Determine p(29).
-10
Let b(f) = 453*f - 49851. Give b(110).
-21
Let j(o) = 256203*o - 2305981. Give j(9).
-154
Let d(r) = 3882493*r - 19412459. Give d(5).
6
Let b(k) = -k**3 + 168*k**2 - 853*k + 6147. What is b(163)?
-47
Let t(d) = -248*d**2 - 5964*d - 294. Determine t(-24).
-6
Let u(r) = 3*r**3 - 31*r**2 + 82*r - 83. What is u(7)?
1
Let n(g) = -51*g**2 + 354*g + 89. Determine n(7).
68
Let h(k) = -k**3 - 6*k**2 + 180*k + 1247. Give h(-12).
-49
Let y(h) = -h**2 + 908*h - 202968. Give y(510).
12
Let b(k) = 7*k**2 - 7956*k + 71023. What is b(9)?
-14
Let f(q) = 1237*q + 73959. What is f(-58)?
2213
Let i(o) = 2*o**3 - 224*o**2 - 429*o - 3088. What is i(114)?
-10
Let m(f) = -f**3 + 53*f**2 + 5*f + 885. Determine m(54).
-1761
Let x(c) = 9*c**3 + 1763*c**2 - 183*c + 2553. Give x(-196).
5
Let p(n) = -n**3 - 49*n**2 + 6544*n - 311. What is p(60)?
-71
Let u(i) = -10457*i - 9421744. Calculate u(-901).
13
Let a(g) = -g**2 + 42672*g - 298664. Calculate a(7).
-9
Let v(x) = x**3 - 37*x**2 + 366*x - 11215. What is v(36)?
665
Let i(w) = -924*w**2 - 15689*w + 240. Determine i(-17).
-83
Let k(m) = -79167*m - 5304198. Give k(-67).
-9
Let l(g) = -8*g**3 + 4*g**2 - 42*g - 21. What is l(5)?
-1131
Let s(w) = 4060*w - 1607758. Determine s(396).
2
Let k(u) = -2323*u - 4803. What is k(-2)?
-157
Let u(p) = 13*p**3 - 2227*p**2 - 1532*p - 2754. What is u(172)?
-2
Let l(u) = 2522*u + 153706. What is l(-61)?
-136
Let v(k) = -8*k**3 + 751*k**2 - 641*k - 882. Give v(93).
48
Let z(o) = -10172*o + 2003901. Determine z(197).
17
Let w(d) = 591*d - 1940. Give w(2).
-758
Let r(b) = 2*b**3 + 46*b**2 - 5732*b - 35608. What is r(-6)?
8
Let r(v) = 229*v**2 - 1625*v + 1377. Determine r(1).
-19
Let b(u) = 15*u**3 + 49*u**2 + 2*u. Calculate b(-2).
72
Let o(h) = -2*h**2 + 538*h + 3742. Determine o(-7).
-122
Let s(f) = -5*f**2 + 8*f + 18. Calculate s(9).
-315
Let o(b) = -55*b**2 - 30586*b - 3331. What is o(-556)?
5
Let l(n) = 7511*n + 4559167. Calculate l(-607).
-10
Let w(l) = 8*l**2 - 49*l + 407. Give w(10).
717
Let i(n) = 4*n**2 + 157*n + 515. Calculate i(-36).
47
Let r(s) = 41*s**3 - 7*s**2 - 12*s + 24. What is r(-3)?
-1110
Let b(q) = 197474*q + 592423. Give b(-3).
1
Let j(s) = 2685*s + 51082. Give j(-19).
67
Let g(q) = -1116*q + 28014. Calculate g(23).
2346
Let y(s) = -26388*s + 105482. What is y(4)?
-70
Let s(d) = d**3 - 80*d**2 + 390*d - 7050. Give s(76).
-514
Let a(c) = -328*c + 4421. Calculate a(16).
-827
Let u(j) = j**2 + 373*j + 34203. What is u(-162)?
21
Let j(k) = k**3 + 48*k**2 + 457*k + 1144. Determine j(-7).
-46
Let a(n) = -2*n**3 + 593*n**2 + 921*n - 7805. Calculate a(298).
241
Let c(b) = 414*b**2 + 8342*b + 1255. What is c(-20)?
15
Let u(w) = w**2 + 1463*w - 46248. Calculate u(31).
66
Let r(a) = -69*a**2 + 73*a + 68. Calculate r(-1).
-74
Let k(y) = 1150*y + 43657. Calculate k(-38).
-43
Let f(g) = 165*g**2 - 224*g + 693. Determine f(3).
1506
Let j(g) = -5*g**3 - 17*g**2 + 20*g + 37. Determine j(-4).
5
Let g(u) = 1210*u + 43560. Determine g(-36).
0
Let s(g) = -3*g**2 - 14453*g - 115579. What is s(-8)?
-147
Let g(k) = 5*k**3 - 62*k**2 - 39*k + 40. Calculate g(13).
40
Let h(r) = -50*r - 5229. Calculate h(-104).
-29
Let u(m) = m**2 + 54*m + 634. Give u(-46).
266
Let b(n) = 6810*n - 22854. Determine b(3).
-2424
Let c(u) = -u**3 + 45*u**2 - 836*u + 5601. Calculate c(13).
141
Let w(y) = -16*y**2 + 975*y - 14742. What is w(28)?
14
Let r(m) = 3*m**3 + 97*m**2 + 35*m + 182. Give r(-32).
86
Let u(z) = z**3 - 67*z**2 - 93*z - 8188. Calculate u(70).
2
Let w(a) = -a**3 - 46*a**2 - 48*a - 130. Calculate w(-45).
5
Let u(w) = 226*w - 6785. Give u(34).
899
Let n(h) = 6*h**3 - 414*h**2 - 8*h + 422. Calculate n(69).
-130
Let t(r) = 23*r**3 - 29*r**2 - r + 101. What is t(4)?
1105
Let v(g) = -13*g**2 - 550*g - 544. What is v(-37)?
2009
Let h(u) = 3*u**3 - 5*u**2 - 149*u + 12. What is h(-8)?
-652
Let f(y) = y**2 - 1077*y - 548164. What is f(-377)?
-6
Let j(r) = r**3 + 155*r**2 + 431*r - 3764. Determine j(-152).
36
Let o(g) = g**2 - 237*g - 5731. Determine o(-22).
-33
Let o(y) = 345*y + 1684. Determine o(-4).
304
Let d(x) = 8*x**2 + 257*x + 413. What is d(-28)?
-511
Let b(d) = -2*d**2 + 737*d - 7995. Determine b(11).
-130
Let h(z) = -153*z - 372. Calculate h(-8).
852
Let f(p) = -1095*p + 197691. Calculate f(180).
591
Let i(o) = o**3 + 100*o**2 - 234*o - 3001. Give i(-102).
59
Let z(s) = -24*s**2 - 105*s + 420. What is z(7)?
-1491
Let l(m) = 2837*m**3 + 6*m**2 - 15*m + 8. Calculate l(1).
2836
Let s(z) = 10*z**2 + 46*z - 18. What is s(3)?
210
Let f(b) = -2*b**3 - 2*b**2 - 109*b + 195. Give f(0).
195
Let a(p) = 12714*p - 114425. What is a(9)?
1
Let c(h) = -h**2 + 994*h - 39210. Give c(41).
-137
Let h(d) = 4176*d - 517735. What is h(124)?
89
Let h(j) = j**3 + 228*j**2 - 878*j + 11541. Calculate h(-232).
-59
Let u(o) = 116*o**2 + 7*o - 60. Determine u(0).
-60
Let c(w) = 23*w**2 - 1701*w - 13065. Give c(81).
57
Let z(l) = -58*l**2 + 16848*l + 16850. Calculate z(-1).
-56
Let l(k) = 2*k**2 + 2*k - 871. What is l(18)?
-187
Let c(q) = 2*q**3 - 12*q**2 - 880*q + 3582. Give c(4).
-2
Let r(d) = -9*d**3 + 2*d**2 + 50. Determine r(5).
-1025
Let y(c) = -3276*c + 167089. Calculate y(51).
13
Let u(t) = -2*t**3 + 379*t**2 + 1156*t + 36. Determine u(-3).
33
Let p(y) = -112*y**2 + 3597*y - 10785. Calculate p(3).
-1002
Let b(j) = j**3 + 155*j**2 + 4527*j + 348. Give b(-116).
0
Let v(l) = -3*l**3 + 4*l**2 - 11*l + 66. D